 14/(-4)*2*-1. Suppose 0 = -x + 2*x + d. Let w = x - -2. What is m(w)?
0
Suppose 11*g + 2 = -9. Let m(j) = 15*j**3 - 2*j - 1. Calculate m(g).
-14
Let b(h) = 1. Let x(m) = m**2 + 4*m + 5. Let p(g) = -2*b(g) + x(g). Let r(n) = -n**3 - 4*n**2 + 1. Let w be r(-4). Let l = w + -3. Calculate p(l).
-1
Let f(d) = d**3 - 6*d**2 - 9*d + 6. Let l(q) = q**3 - 9*q**2 + 11*q + 28. Let v be l(7). Give f(v).
-8
Let m(x) be the first derivative of 3*x**2/2 - 2*x - 16. What is m(3)?
7
Let d(z) = -7 + 1 - z + 1. Let u(a) = -3*a**2 + a. Let o be u(-1). Let g = o - -4. Give d(g).
-5
Let x(d) = -3*d**3 - 6*d**2 - 15*d - 9. Let l(b) = -2*b**3 - 3*b**2 - 8*b - 5. Let t(u) = 5*l(u) - 3*x(u). Calculate t(4).
6
Let r(d) = d**3 - 12*d**2 + 12*d - 9. Let g be r(11). Let n(y) = g*y + 2 + 4 - 5 + y**2 - 2. What is n(2)?
7
Let j(p) = 3*p + 1. Let g be j(1). Let q = g - 2. Let k(y) = -q*y**2 - 5*y + 3*y + 3*y**2. Calculate k(1).
-1
Let f be 3*(1 - 1/3). Suppose -f*d - 8 = l, 0*l - l + 3*d = -17. Let i(h) = h + 2*h**2 - h**l + h. What is i(-2)?
0
Suppose -a = 1 + 4. Let p be (0/2)/(-6 - a). Let o(i) = 2 - i - 1 + p. Give o(-5).
6
Suppose 2*g - 7*g + 7 = -3*h, 5*h + 4*g = -24. Let q(f) = f**3 + 4*f**2 - 4*f - 2. Give q(h).
14
Let j(m) = 5 - 3 + m - 3. Let x be (-5 + 12)/((-1)/(-3)). Let d = -18 + x. What is j(d)?
2
Suppose 0 = g - 2 - 5. Suppose 2*s - g + 17 = 0. Let a(h) = 2*h + 4 - 5*h + 1 - h**2 - 4. What is a(s)?
-9
Let m(o) = -o**2 + 2*o + 1. Let n = 12 + -8. Calculate m(n).
-7
Let u(n) = 5*n - 1. Let q be (-78)/(-66) + 2 + (-48)/22. Give u(q).
4
Let x(y) = -y - 5. Let c be (-16)/12*6/(-4). Suppose 0 = c*l - 8 + 20. Calculate x(l).
1
Let r(n) be the second derivative of -n**3 + 26*n. Determine r(-1).
6
Suppose -4*j = -16 - 20. Let r(f) = f - 8. Calculate r(j).
1
Suppose 5*u - 34 = -o - 2*o, 10 = 2*u. Let w(x) = 7*x + 1 - 5 - 2*x. Let f(i) = 6*i - 5. Let r(p) = 4*f(p) - 5*w(p). What is r(o)?
-3
Let h be (18/15)/((-3)/(-10)). Suppose 3 = h*k - 3*k. Let z(a) = a**3 - 4*a**2 - 2. What is z(k)?
-11
Let l(w) = -30 - 3*w**2 + 2*w**2 - 6*w + 32. Calculate l(-7).
-5
Let t be 0 - -2 - 4 - (-14)/2. Let g(v) = -v**3 + 6*v**2 - 4*v + 2. Calculate g(t).
7
Let y be 3/5 - 126/(-15). Let q(h) = -h**2 + 8*h + 11. Let m be q(y). Let z(w) = 0*w + w**2 - 3*w + w**2 - m. Give z(3).
7
Let d(k) be the second derivative of k**5/20 - 3*k**4/4 + 7*k**3/6 + 5*k**2/2 + 8*k. Give d(8).
-3
Let j(o) be the first derivative of -o**4/4 - 4*o**3/3 + 2*o**2 - 4*o + 6. Determine j(-5).
1
Let g(f) = f. Let l(s) = -3*s - 4. Let i(t) = 2*g(t) + l(t). Let d be 19/3 - (-7)/(-21). Let q be (d - 1)*1/(-1). Determine i(q).
1
Suppose 0 = -2*v + 5*v. Let s(r) be the third derivative of -r**4/24 - r**3/6 - 2*r**2. What is s(v)?
-1
Suppose -5*z + 7 - 1 = -t, 2*t - 3*z = 2. Let o be 6/(-9)*3/(-2). Let r(b) = -1 + 3*b - o - 1. Give r(t).
9
Let w(n) = -n**2 + 4*n + 1. Let h be -1 - (2 + -4 + -4). Calculate w(h).
-4
Let a(u) = 5*u. Suppose -84 = k + 20*k. What is a(k)?
-20
Let s be -18*-1*(-3)/(-6). Let q(x) = -x - 4 + s - 4*x**2 + 0*x + x**3. Let l(y) = -y**2 + 16*y - 24. Let d be l(14). Determine q(d).
1
Suppose -6*q - 5*x = -3*q - 91, 0 = -3*x + 15. Suppose -q + 2 = -4*s. Let j(m) = -m**3 + 6*m**2 - 4*m - 3. Give j(s).
2
Let g be 7 - (-2 - (-1 - 3)). Suppose g*y + 14 - 4 = 0. Let l(k) = 6*k - 2. Give l(y).
-14
Let w(k) = -k**3 - 3*k**2 + 2*k - 5. Let g(j) = -j + 5. Suppose 0 - 9 = -3*l. Let z be g(l). Suppose 3*i - y = 3*y - 12, -z*y = 0. Give w(i).
3
Let k be (6/(-4))/((-15)/(-20)). Let h(u) = -u**3 - u**2 - 2*u - 3. Calculate h(k).
5
Let s(d) = d + 3*d**2 - 529 + 529. Determine s(1).
4
Let z be ((-3)/12)/((-6)/(-24)). Let h(w) = -8*w**2 - 1. Determine h(z).
-9
Let x(y) = -y**2 + 7*y - 4. Let c = 16 + -11. Determine x(c).
6
Let q be -3 - 0 - (-2 - -7). Let l(d) = -d - 10. Let p be l(q). Let s(o) = o**2 + 2*o + 1. Give s(p).
1
Let j(o) = -o**2 - 22. Suppose 0 = -2*u - 4*i, 3*i - 6*i = 0. What is j(u)?
-22
Let b(k) be the first derivative of 1/24*k**4 + 1/120*k**6 + 1/2*k**2 + 0*k + 1/2*k**3 - 1 - 1/60*k**5. Let v(y) be the second derivative of b(y). Give v(0).
3
Let i be (-22)/(-18) + 14/(-63). Let q(c) = -c**2 + 1. What is q(i)?
0
Suppose -30 = d - 6*d. Let n(y) = -y**2 + 6*y + 3. What is n(d)?
3
Let o be (2 + 8/(-6))*3. Let y(m) = 2 - 3*m - 1 + m**3 + 0*m + 1. Give y(o).
4
Suppose 4*l = l + 21. Let m(b) = -2*b + 8. Let o be m(l). Let p(i) = 29*i - 11 + 35*i + 38*i - 103*i. Determine p(o).
-5
Let d(o) be the second derivative of -o**3/2 + o**2/2 + 3*o. Suppose -7 = -4*x - 3. Calculate d(x).
-2
Let g(k) be the third derivative of -1/12*k**4 - 4*k**2 + 1/3*k**3 + 0 + 0*k. Let j be (-4)/10 + (-12)/(-5). Calculate g(j).
-2
Suppose 2*z = 7*z - 35. Let i(k) = 3*k**3 - k + 3 + 3*k**3 - z*k**3 + k**2. Calculate i(0).
3
Let b(s) = -6*s**3 - 8*s**2 - 2*s. Let q(h) = -7*h**3 - 8*h**2 - h - 1. Let t(g) = 6*b(g) - 5*q(g). Give t(-6).
-25
Let x(c) = -c**2 + 5*c - 2. Suppose 2*m = 4*p - 3*m + 9, 3*p - 7 = m. Suppose -3*i - 11 - 7 = -3*f, 12 = -p*i. Calculate x(f).
4
Suppose 0 = 9*z - 9*z - 5*z. Let c(f) = f**3 + 0*f**2 + 0*f**2 + f - 4. Give c(z).
-4
Suppose 26*i - 30 = 16*i. Let d(n) = -3 - 3*n**2 + 3 + n**3 + 1. Calculate d(i).
1
Let p(w) = -29 + 5*w + 28 + 7*w + 3*w. Determine p(-1).
-16
Let t(r) = 7*r**2 - 7*r + 4*r + 3*r**2 + 2 - 6*r - r**3. What is t(9)?
2
Let q(i) be the first derivative of i**4/2 - i**3 + i**2/2 + 8. Give q(2).
6
Let d(u) = -u + 4. Suppose 5*t - 185 = -4*f - f, -4*f + 4*t = -132. Suppose 22 = -2*s + 4*r, 5*s - 4 + f = 2*r. Give d(s).
9
Let z(p) = p. Let x(f) = -4*f - 3. Let y(v) = -x(v) - 2*z(v). Let l(b) = -b**3 - 5*b**2 + 7*b + 3. Let n be l(-6). What is y(n)?
-3
Let f(l) be the second derivative of -l**3/6 + l**2 + 2*l. What is f(3)?
-1
Let w(z) = z + 1. Let d be w(2). Let i(c) = c**2 - c - d + 2*c + 0*c - 4*c. Determine i(-2).
7
Let w = 7 + -9. Let o(z) = 3*z**2 + 2*z - 1. Let c be o(w). Let y = 9 - c. Let n(x) = -x**2 + x + 2. Determine n(y).
0
Let f(r) = -r + 4*r + 2 - r - r. Calculate f(-1).
1
Let d(m) = -5 - 5 + 9 - m. Calculate d(1).
-2
Let z(j) be the first derivative of j**4/12 - 5*j**3/6 + 2*j + 1. Let p(t) be the first derivative of z(t). Give p(4).
-4
Let a(t) be the second derivative of 1/20*t**5 + 0 + 1/6*t**3 + 2*t**2 - 3*t - 1/4*t**4. Suppose 0 = -2*v - 3*v + 15. What is a(v)?
7
Let z(r) = -r**2 + 7*r - 1. Let t be z(6). Let w(b) = 0*b**3 + 4*b - 4 - b + b**3 + 3*b - t*b**2. Calculate w(4).
4
Let j(d) = -5*d + 1. Suppose -4*c = -7*c + 6. Suppose -6 = -5*o + c*o. Calculate j(o).
-9
Suppose -14*c + 16*c + 4 = 0. Let i(s) = 4*s**2 + 4*s + 3. Give i(c).
11
Let x(m) = m - 6. Suppose -11 = h - 5*z - 27, 2*h - 16 = 2*z. What is x(h)?
0
Suppose 4*b + 24 = -4*t, 3*b - 3*t = -2*t - 18. Let c be 28/21*b/4. Let z(q) = q**2 - 1. What is z(c)?
3
Let i(l) = -2*l + 9. Let x be i(7). Let h(d) = -4*d - 18*d**2 - 2 + 17*d**2 + 0 + 1. Determine h(x).
-6
Let v be -4*4/(1 - -3). Let j be (-3 - -4) + -1 + v. Let x(w) = -w**3 - 4*w**2 + 3. Calculate x(j).
3
Let h(i) = 3*i - 7. Let j(z) = 16*z - 36. Suppose 8 = 3*d - 25. Let q(k) = d*h(k) - 2*j(k). Let g be (36/(-10) - -3)*-10. Give q(g).
1
Let b(p) = 2*p - 6. Let u = -59 - -24. Let g be (-2)/(-7) - (-80)/u. Let o be 74/14 - g/(-7). Calculate b(o).
4
Let o be ((-1)/3)/((-2)/(-6)). Let b(h) = 3*h. Give b(o).
-3
Let p = 6 + -3. Let f(s) = -7*s + 4 - p - 1. Let x be 2*(1/2 - 0). Determine f(x).
-7
Suppose -5*h + 6 - 1 = 0. Let w(t) = -4*t + 8*t - 11*t - 1. Calculate w(h).
-8
Let l(g) = g - 1. Let m be (-2)/(-11) - (-126)/33. Determine l(m).
3
Let r(u) = u - 2. Let z(q) = -5*q + 10. Suppose 0 = -h - k - 5, -2*k = 2*h + 2*k + 16. Let y(n) = h*z(n) - 11*r(n). Give y(4).
-2
Let a be 1 - 3 - 3/(-1). Let v(p) = 2*p - a + 3*p**2 - 2 + 2. Determine v(-2).
7
Let j(q) = q**2 + 4*q + 6. Let d = 12 - 16. Determine j(d).
6
Let x(v) be the third derivative of -v**6/120 - v**5/30 - v**4/24 + 3*v**2 + 11*v. Determine x(-2).
2
Let q = 8 - 4. Let m(z) = 0 - 5 + 3 - q*z**2 + z**3. What is m(4)?
-2
Let l(j) = 1 + 2 + 0 + j. What is l(-4)?
-1
Let i = -8 - -15. Suppose i = 4*h - 1. Suppose h*r - 3 = r. Let n(j) = -j**3 + 4*j**2 - 3*j - 3. What is n(r)?
-3
Let d(c) = -6*c + 3*c - c + 0 - 2. Let z(p) = 9*p + 3. Let l(f) = 7*d(f) + 3*z(f). Give l(0).
-5
Suppose -3*a = -5*n - 14 - 2, 0 = 3*a